{"id":2981,"date":"2021-05-10T11:10:16","date_gmt":"2021-05-10T08:10:16","guid":{"rendered":"https:\/\/www.ravintolamori.fi\/keminmaa\/?page_id=2981"},"modified":"2022-09-16T12:34:33","modified_gmt":"2022-09-16T09:34:33","slug":"ravintola-mori-keminmaa-sovellus","status":"publish","type":"page","link":"https:\/\/www.ravintolamori.fi\/keminmaa\/ravintola-mori-keminmaa-sovellus","title":{"rendered":"Ravintola Mori Keminmaa -sovellus"},"content":{"rendered":"\r\n<h2 class=\"wp-block-heading\">Tilaa helposti mobiilisovelluksella Ravintola Mori Keminmaasta<\/h2>\r\n\r\n\r\n\r\n<p>Lataa Ravintola Mori Keminmaa -applikaatio &amp; Tilaa ja nauti jo t\u00e4n\u00e4\u00e4n!<br \/>Voit ladata sovelluksen ilmaiseksi Google Play Kaupasta.<\/p>\r\n\r\n\r\n\r\n<figure class=\"wp-block-image size-large\"><img loading=\"lazy\" decoding=\"async\" class=\"aligncenter wp-image-3012 size-full\" src=\"https:\/\/www.ravintolamori.fi\/keminmaa\/wp-content\/uploads\/mori-sovellus-keminmaa-2022.jpg\" alt=\"\" width=\"1200\" height=\"1200\" srcset=\"https:\/\/www.ravintolamori.fi\/keminmaa\/wp-content\/uploads\/mori-sovellus-keminmaa-2022.jpg 1200w, https:\/\/www.ravintolamori.fi\/keminmaa\/wp-content\/uploads\/mori-sovellus-keminmaa-2022-300x300.jpg 300w, https:\/\/www.ravintolamori.fi\/keminmaa\/wp-content\/uploads\/mori-sovellus-keminmaa-2022-1024x1024.jpg 1024w, https:\/\/www.ravintolamori.fi\/keminmaa\/wp-content\/uploads\/mori-sovellus-keminmaa-2022-150x150.jpg 150w, https:\/\/www.ravintolamori.fi\/keminmaa\/wp-content\/uploads\/mori-sovellus-keminmaa-2022-768x768.jpg 768w, https:\/\/www.ravintolamori.fi\/keminmaa\/wp-content\/uploads\/mori-sovellus-keminmaa-2022-140x140.jpg 140w, https:\/\/www.ravintolamori.fi\/keminmaa\/wp-content\/uploads\/mori-sovellus-keminmaa-2022-260x260.jpg 260w, https:\/\/www.ravintolamori.fi\/keminmaa\/wp-content\/uploads\/mori-sovellus-keminmaa-2022-380x380.jpg 380w\" sizes=\"auto, (max-width: 1200px) 100vw, 1200px\" \/><\/figure>\r\n","protected":false},"excerpt":{"rendered":"<p>Tilaa helposti mobiilisovelluksella Ravintola Mori Keminmaasta Lataa Ravintola Mori Keminmaa -applikaatio &amp; Tilaa ja nauti jo t\u00e4n\u00e4\u00e4n!Voit ladata sovelluksen ilmaiseksi Google Play Kaupasta.<\/p>\n","protected":false},"author":1,"featured_media":0,"parent":0,"menu_order":0,"comment_status":"closed","ping_status":"closed","template":"","meta":{"footnotes":""},"class_list":["post-2981","page","type-page","status-publish","hentry"],"_links":{"self":[{"href":"https:\/\/www.ravintolamori.fi\/keminmaa\/wp-json\/wp\/v2\/pages\/2981","targetHints":{"allow":["GET"]}}],"collection":[{"href":"https:\/\/www.ravintolamori.fi\/keminmaa\/wp-json\/wp\/v2\/pages"}],"about":[{"href":"https:\/\/www.ravintolamori.fi\/keminmaa\/wp-json\/wp\/v2\/types\/page"}],"author":[{"embeddable":true,"href":"https:\/\/www.ravintolamori.fi\/keminmaa\/wp-json\/wp\/v2\/users\/1"}],"replies":[{"embeddable":true,"href":"https:\/\/www.ravintolamori.fi\/keminmaa\/wp-json\/wp\/v2\/comments?post=2981"}],"version-history":[{"count":7,"href":"https:\/\/www.ravintolamori.fi\/keminmaa\/wp-json\/wp\/v2\/pages\/2981\/revisions"}],"predecessor-version":[{"id":3015,"href":"https:\/\/www.ravintolamori.fi\/keminmaa\/wp-json\/wp\/v2\/pages\/2981\/revisions\/3015"}],"wp:attachment":[{"href":"https:\/\/www.ravintolamori.fi\/keminmaa\/wp-json\/wp\/v2\/media?parent=2981"}],"curies":[{"name":"wp","href":"https:\/\/api.w.org\/{rel}","templated":true}]}}